{"id":2153,"date":"2019-09-06T12:58:42","date_gmt":"2019-09-06T12:58:42","guid":{"rendered":"http:\/\/www.asnonwovens.com.tr\/?page_id=2153"},"modified":"2025-07-10T16:52:17","modified_gmt":"2025-07-10T13:52:17","slug":"politikalarimiz","status":"publish","type":"page","link":"https:\/\/www.asnonwovens.com.tr\/?page_id=2153&lang=tr","title":{"rendered":"Politikalar\u0131m\u0131z &#038; S\u00fcrd\u00fcr\u00fclebilirlik"},"content":{"rendered":"<div class=\"wpb-content-wrapper\"><p>[vc_row][vc_column width=&#8221;1\/3&#8243;][vc_custom_heading text=&#8221;KAL\u0130TE POL\u0130T\u0130KALARIMIZ&#8221; font_container=&#8221;tag:h3|text_align:left&#8221; use_theme_fonts=&#8221;yes&#8221;][vc_btn title=&#8221;ISO 27001 &#8211; Bilgi G\u00fcvenli\u011fi Politikas\u0131&#8221; style=&#8221;outline&#8221; color=&#8221;theme_style_1&#8243; size=&#8221;sm&#8221; i_align=&#8221;right&#8221; i_icon_fontawesome=&#8221;&#8221; add_icon=&#8221;true&#8221; link=&#8221;url:https%3A%2F%2Fwww.asnonwovens.com.tr%2Fwp-content%2Fuploads%2F2021%2F04%2FBilgi_Guvenligi_Politikasi.pdf|target:_blank&#8221;][vc_btn title=&#8221;Kalite Y\u00f6netim Sistemleri Politikas\u0131&#8221; style=&#8221;outline&#8221; color=&#8221;theme_style_1&#8243; size=&#8221;sm&#8221; i_align=&#8221;right&#8221; i_icon_fontawesome=&#8221;fa fa-pencil-square-o&#8221; add_icon=&#8221;true&#8221; link=&#8221;url:http%3A%2F%2Fwww.asnonwovens.com.tr%2Fwp-content%2Fuploads%2F2021%2F04%2FKalite_Yonetim_Sistemleri_Politikasi.pdf||target:%20_blank|&#8221;][vc_btn title=&#8221;\u0130\u015f Sa\u011fl\u0131\u011f\u0131 ve G\u00fcvenli\u011fi Politikas\u0131&#8221; style=&#8221;outline&#8221; color=&#8221;theme_style_1&#8243; size=&#8221;sm&#8221; i_align=&#8221;right&#8221; i_icon_fontawesome=&#8221;fa fa-pencil-square-o&#8221; add_icon=&#8221;true&#8221; link=&#8221;url:http%3A%2F%2Fwww.asnonwovens.com.tr%2Fwp-content%2Fuploads%2F2021%2F04%2FIs_Sagligi_ve_Guvenligi_Politikasi.pdf||target:%20_blank|&#8221;][vc_btn title=&#8221;\u00c7evre Politikas\u0131&#8221; style=&#8221;outline&#8221; color=&#8221;theme_style_1&#8243; size=&#8221;sm&#8221; i_align=&#8221;right&#8221; i_icon_fontawesome=&#8221;&#8221; add_icon=&#8221;true&#8221; link=&#8221;url:http%3A%2F%2Fwww.asnonwovens.com.tr%2Fwp-content%2Fuploads%2F2023%2F07%2Fcevre_politikasi.pdf|target:_blank&#8221;][vc_btn title=&#8221;ENERJ\u0130 Y\u00d6NET\u0130M S\u0130STEM\u0130 POL\u0130T\u0130KASI&#8221; style=&#8221;outline&#8221; color=&#8221;theme_style_1&#8243; size=&#8221;sm&#8221; i_align=&#8221;right&#8221; i_icon_fontawesome=&#8221;&#8221; add_icon=&#8221;true&#8221; link=&#8221;url:http%3A%2F%2Fwww.asnonwovens.com.tr%2Fwp-content%2Fuploads%2F2023%2F07%2Fenerji_yonetim_sistemi_politikasi.pdf|target:_blank&#8221;][\/vc_column][vc_column width=&#8221;1\/3&#8243;][vc_custom_heading text=&#8221;Veri Politikalar\u0131m\u0131z&#8221; font_container=&#8221;tag:h3|text_align:left&#8221; use_theme_fonts=&#8221;yes&#8221;][vc_btn title=&#8221;Ayd\u0131nlatma Metni&#8221; style=&#8221;outline&#8221; color=&#8221;theme_style_1&#8243; size=&#8221;sm&#8221; i_align=&#8221;right&#8221; i_icon_fontawesome=&#8221;fa fa-pencil-square-o&#8221; add_icon=&#8221;true&#8221; link=&#8221;url:http%3A%2F%2Fwww.asnonwovens.com.tr%2Fwp-content%2Fuploads%2F2019%2F09%2FAS_Aydinlatma_Metni.pdf||target:%20_blank|&#8221;][vc_btn title=&#8221;Ki\u015fisel Veri i\u015fleme Ba\u015fvuru Formu&#8221; style=&#8221;outline&#8221; color=&#8221;theme_style_1&#8243; size=&#8221;sm&#8221; i_align=&#8221;right&#8221; i_icon_fontawesome=&#8221;fa fa-pencil-square-o&#8221; add_icon=&#8221;true&#8221; link=&#8221;url:http%3A%2F%2Fwww.asnonwovens.com.tr%2Fwp-content%2Fuploads%2F2021%2F11%2FAkinal_kisisel_veri_isleme_basvuru_formu.pdf||target:%20_blank|&#8221;][vc_btn title=&#8221;Ki\u015fisel Veri Saklama ve \u0130mha Politikas\u0131&#8221; style=&#8221;outline&#8221; color=&#8221;theme_style_1&#8243; size=&#8221;sm&#8221; i_align=&#8221;right&#8221; i_icon_fontawesome=&#8221;fa fa-pencil-square-o&#8221; add_icon=&#8221;true&#8221; link=&#8221;url:http%3A%2F%2Fwww.asnonwovens.com.tr%2Fwp-content%2Fuploads%2F2019%2F09%2FAS_Kisisel_Veri_Saklama_ve_imha_Politikasi.pdf||target:%20_blank|&#8221;][vc_btn title=&#8221;Ayd\u0131nlatma Metni &#8211; G\u00fcvenlik Kameralar\u0131&#8221; style=&#8221;outline&#8221; color=&#8221;theme_style_1&#8243; size=&#8221;sm&#8221; i_align=&#8221;right&#8221; i_icon_fontawesome=&#8221;fa fa-pencil-square-o&#8221; add_icon=&#8221;true&#8221; link=&#8221;url:http%3A%2F%2Fwww.asnonwovens.com.tr%2Fwp-content%2Fuploads%2F2019%2F09%2FAS_Aydinlatma_Metni_CCTV.pdf||target:%20_blank|&#8221;][\/vc_column][vc_column width=&#8221;1\/3&#8243;][vc_custom_heading text=&#8221;S\u00fcrd\u00fcr\u00fclebilirlik&#8221; font_container=&#8221;tag:h3|text_align:left&#8221; use_theme_fonts=&#8221;yes&#8221;][vc_btn title=&#8221;Payda\u015f Kat\u0131l\u0131m Plan\u0131&#8221; style=&#8221;outline&#8221; color=&#8221;theme_style_1&#8243; size=&#8221;sm&#8221; i_align=&#8221;right&#8221; i_icon_fontawesome=&#8221;fa fa-pencil-square-o&#8221; add_icon=&#8221;true&#8221; link=&#8221;url:http%3A%2F%2Fwww.asnonwovens.com.tr%2Fwp-content%2Fuploads%2F2021%2F07%2FPKP-TKYB-AKINAL-TEKSTIL.pdf||target:%20_blank|&#8221;][vc_btn title=&#8221;\u00c7evresel ve Sosyal Y\u00f6netim Plan\u0131&#8221; style=&#8221;outline&#8221; color=&#8221;theme_style_1&#8243; size=&#8221;sm&#8221; i_align=&#8221;right&#8221; i_icon_fontawesome=&#8221;far fa-edit&#8221; add_icon=&#8221;true&#8221; link=&#8221;url:https%3A%2F%2Fwww.asnonwovens.com.tr%2Fwp-content%2Fuploads%2F2025%2F07%2FESMP-TKYB-Akinal-Textile-Final-Cevresel-ve-Sosyal-Yonetim-Plani.pdf|target:_blank&#8221;][vc_btn title=&#8221;Etik Kod&#8221; style=&#8221;outline&#8221; color=&#8221;theme_style_1&#8243; size=&#8221;sm&#8221; i_align=&#8221;right&#8221; i_icon_fontawesome=&#8221;fa fa-pencil-square-o&#8221; add_icon=&#8221;true&#8221; link=&#8221;url:http%3A%2F%2Fwww.asnonwovens.com.tr%2Fwp-content%2Fuploads%2F2022%2F06%2Fetik-kod-2022.pdf||target:%20_blank|&#8221;][\/vc_column][\/vc_row]<\/p>\n<\/div>","protected":false},"excerpt":{"rendered":"<p>[vc_row][vc_column width=&#8221;1\/3&#8243;][vc_custom_heading text=&#8221;KAL\u0130TE POL\u0130T\u0130KALARIMIZ&#8221; font_container=&#8221;tag:h3|text_align:left&#8221; use_theme_fonts=&#8221;yes&#8221;][vc_btn title=&#8221;ISO 27001 &#8211; Bilgi G\u00fcvenli\u011fi Politikas\u0131&#8221; style=&#8221;outline&#8221; color=&#8221;theme_style_1&#8243; size=&#8221;sm&#8221; i_align=&#8221;right&#8221; i_icon_fontawesome=&#8221;&#8221; add_icon=&#8221;true&#8221; link=&#8221;url:https%3A%2F%2Fwww.asnonwovens.com.tr%2Fwp-content%2Fuploads%2F2021%2F04%2FBilgi_Guvenligi_Politikasi.pdf|target:_blank&#8221;][vc_btn title=&#8221;Kalite Y\u00f6netim Sistemleri Politikas\u0131&#8221; style=&#8221;outline&#8221; color=&#8221;theme_style_1&#8243; size=&#8221;sm&#8221; i_align=&#8221;right&#8221; i_icon_fontawesome=&#8221;fa fa-pencil-square-o&#8221; add_icon=&#8221;true&#8221; link=&#8221;url:http%3A%2F%2Fwww.asnonwovens.com.tr%2Fwp-content%2Fuploads%2F2021%2F04%2FKalite_Yonetim_Sistemleri_Politikasi.pdf||target:%20_blank|&#8221;][vc_btn title=&#8221;\u0130\u015f Sa\u011fl\u0131\u011f\u0131&#8230;<\/p>\n","protected":false},"author":1,"featured_media":0,"parent":0,"menu_order":0,"comment_status":"closed","ping_status":"closed","template":"","meta":{"footnotes":""},"_links":{"self":[{"href":"https:\/\/www.asnonwovens.com.tr\/index.php?rest_route=\/wp\/v2\/pages\/2153"}],"collection":[{"href":"https:\/\/www.asnonwovens.com.tr\/index.php?rest_route=\/wp\/v2\/pages"}],"about":[{"href":"https:\/\/www.asnonwovens.com.tr\/index.php?rest_route=\/wp\/v2\/types\/page"}],"author":[{"embeddable":true,"href":"https:\/\/www.asnonwovens.com.tr\/index.php?rest_route=\/wp\/v2\/users\/1"}],"replies":[{"embeddable":true,"href":"https:\/\/www.asnonwovens.com.tr\/index.php?rest_route=%2Fwp%2Fv2%2Fcomments&post=2153"}],"version-history":[{"count":30,"href":"https:\/\/www.asnonwovens.com.tr\/index.php?rest_route=\/wp\/v2\/pages\/2153\/revisions"}],"predecessor-version":[{"id":2588,"href":"https:\/\/www.asnonwovens.com.tr\/index.php?rest_route=\/wp\/v2\/pages\/2153\/revisions\/2588"}],"wp:attachment":[{"href":"https:\/\/www.asnonwovens.com.tr\/index.php?rest_route=%2Fwp%2Fv2%2Fmedia&parent=2153"}],"curies":[{"name":"wp","href":"https:\/\/api.w.org\/{rel}","templated":true}]}}