{"id":2115,"date":"2019-09-06T11:03:00","date_gmt":"2019-09-06T11:03:00","guid":{"rendered":"http:\/\/www.asnonwovens.com.tr\/?page_id=2115"},"modified":"2019-09-06T12:53:37","modified_gmt":"2019-09-06T12:53:37","slug":"kadin-bakimi","status":"publish","type":"page","link":"https:\/\/www.asnonwovens.com.tr\/?page_id=2115&lang=tr","title":{"rendered":"KADIN BAKIMI"},"content":{"rendered":"<div class=\"wpb-content-wrapper\"><p>[vc_row][vc_column][vc_custom_heading text=&#8221;KADIN BAKIMI&#8221; font_container=&#8221;tag:h3|text_align:left&#8221; use_theme_fonts=&#8221;yes&#8221; css=&#8221;.vc_custom_1567767675193{margin-top: -30px !important;margin-bottom: 30px !important;}&#8221;][\/vc_column][\/vc_row][vc_row][vc_column width=&#8221;3\/4&#8243;][vc_column_text]Gelir seviyelerinin y\u00fckselmesi ile beraber, ki\u015fisel bak\u0131m \u00fcr\u00fcnleri ile ilgili harcamalar\u0131nda ciddi bir art\u0131\u015f boy g\u00f6stermi\u015ftir. Bu sayede kad\u0131n t\u00fcketiciler, sa\u011fl\u0131k problemlerinin \u00f6n\u00fcne ge\u00e7mek ad\u0131na y\u00f6nelik kad\u0131n hijyen \u00fcr\u00fcnlerine giderek daha fazla y\u00f6neldiler. Bu y\u00f6nelimin di\u011fer \u00f6nemli nedeni ise, ki\u015fisel hijyen konusundaki fark\u0131ndal\u0131\u011f\u0131n artmas\u0131 ve piyasalarda hijyenik pedlerin daha y\u00fcksek oranda benimsenmesidir. Yak\u0131n zamanda, daha \u00e7ok kad\u0131nhijyenik pedleri, g\u00fcnl\u00fck hijyen ve hafif s\u0131zd\u0131rma ihtiya\u00e7lar\u0131 i\u00e7in kullanmaktad\u0131r.<\/p>\n<p>ASNONWOVENS, yenilik\u00e7ilik,maliyet optimizasyonu ve \u00fcretim verimlili\u011fi kombinasyonunu birle\u015ftirerek, ister rahatl\u0131k ister taze bir his ihtiyac\u0131 olsun, kad\u0131nlar\u0131n ihtiya\u00e7lar\u0131n\u0131 kar\u015f\u0131lamak i\u00e7in s\u00fcrekli olarak ara\u015ft\u0131rma ve geli\u015ftirme faaliyetlerine yat\u0131r\u0131m yapmaktad\u0131r.<\/p>\n<p>ASNONWOVENS, m\u00fc\u015fteriye hijyenik pedler i\u00e7in \u00e7ok farkl\u0131 \u00f6zellikler sa\u011flamak amac\u0131yla, Airthrough Bonded tekni\u011fiyle ADL kuma\u015f ve Topsheet \u00fcretmektedir. ASNONWOVENS topsheet, ola\u011fan\u00fcst\u00fc ipeksi dokunu\u015f, m\u00fckemmel i\u015flevsellik, nefes alabilme, cilt dostu, g\u00fcvenli ve y\u00fcksek s\u0131v\u0131 tutma kapasitesiyle maksimum koruma sa\u011flamak i\u00e7indir.[\/vc_column_text][\/vc_column][vc_column width=&#8221;1\/4&#8243;][vc_single_image image=&#8221;1758&#8243; img_size=&#8221;large&#8221; style=&#8221;vc_box_shadow&#8221; onclick=&#8221;custom_link&#8221; link=&#8221;https:\/\/www.asnonwovens.com.tr\/?page_id=442&#8243;][\/vc_column][\/vc_row][vc_row css=&#8221;.vc_custom_1490879277469{margin-top: 30px !important;}&#8221;][vc_column][vc_message message_box_style=&#8221;solid&#8221; icon_fontawesome=&#8221;stm-support&#8221;]<span style=\"color: #000000;\"><a style=\"color: #000000;\" href=\"https:\/\/www.asnonwovens.com.tr\/?page_id=1583&amp;lang=tr\">\u00dcr\u00fcnlerimiz hakk\u0131nda detayl\u0131 bilgi almak i\u00e7in l\u00fctfen irtibata ge\u00e7iniz.<\/a><\/span>[\/vc_message][\/vc_column][\/vc_row]<\/p>\n<\/div>","protected":false},"excerpt":{"rendered":"<p>[vc_row][vc_column][vc_custom_heading text=&#8221;KADIN BAKIMI&#8221; font_container=&#8221;tag:h3|text_align:left&#8221; use_theme_fonts=&#8221;yes&#8221; css=&#8221;.vc_custom_1567767675193{margin-top: -30px !important;margin-bottom: 30px !important;}&#8221;][\/vc_column][\/vc_row][vc_row][vc_column width=&#8221;3\/4&#8243;][vc_column_text]Gelir seviyelerinin y\u00fckselmesi ile beraber, ki\u015fisel bak\u0131m \u00fcr\u00fcnleri ile ilgili harcamalar\u0131nda ciddi bir art\u0131\u015f boy g\u00f6stermi\u015ftir. Bu sayede kad\u0131n t\u00fcketiciler, sa\u011fl\u0131k problemlerinin \u00f6n\u00fcne&#8230;<\/p>\n","protected":false},"author":1,"featured_media":0,"parent":0,"menu_order":0,"comment_status":"closed","ping_status":"closed","template":"","meta":{"footnotes":""},"_links":{"self":[{"href":"https:\/\/www.asnonwovens.com.tr\/index.php?rest_route=\/wp\/v2\/pages\/2115"}],"collection":[{"href":"https:\/\/www.asnonwovens.com.tr\/index.php?rest_route=\/wp\/v2\/pages"}],"about":[{"href":"https:\/\/www.asnonwovens.com.tr\/index.php?rest_route=\/wp\/v2\/types\/page"}],"author":[{"embeddable":true,"href":"https:\/\/www.asnonwovens.com.tr\/index.php?rest_route=\/wp\/v2\/users\/1"}],"replies":[{"embeddable":true,"href":"https:\/\/www.asnonwovens.com.tr\/index.php?rest_route=%2Fwp%2Fv2%2Fcomments&post=2115"}],"version-history":[{"count":2,"href":"https:\/\/www.asnonwovens.com.tr\/index.php?rest_route=\/wp\/v2\/pages\/2115\/revisions"}],"predecessor-version":[{"id":2152,"href":"https:\/\/www.asnonwovens.com.tr\/index.php?rest_route=\/wp\/v2\/pages\/2115\/revisions\/2152"}],"wp:attachment":[{"href":"https:\/\/www.asnonwovens.com.tr\/index.php?rest_route=%2Fwp%2Fv2%2Fmedia&parent=2115"}],"curies":[{"name":"wp","href":"https:\/\/api.w.org\/{rel}","templated":true}]}}